ime?
False
Is 375646 prime?
False
Is 290593 composite?
False
Is 34739 a composite number?
False
Is 307 composite?
False
Is 153707 prime?
False
Is 7187 a composite number?
False
Is 3005 a composite number?
True
Is 127027 prime?
False
Is 4151 prime?
False
Is 67843 composite?
False
Is 90227 composite?
False
Is 61751 a prime number?
True
Is 17317 a composite number?
False
Is 268273 a composite number?
True
Is 18961 prime?
False
Is 9391 a prime number?
True
Is 974017 a prime number?
False
Is 692051 prime?
True
Is 104035 a prime number?
False
Is 4187 prime?
False
Is 18451 a composite number?
False
Is 55741 prime?
False
Is 749 a prime number?
False
Is 78101 composite?
False
Is 176389 a prime number?
True
Is 49813 a composite number?
True
Is 19603 prime?
True
Is 122281 a prime number?
False
Is 4369 prime?
False
Is 4373 a composite number?
False
Is 53479 a composite number?
False
Is 879 a prime number?
False
Is 11203 a prime number?
False
Is 457943 prime?
True
Is 215299 a composite number?
True
Is 4883 a prime number?
False
Is 386083 a prime number?
True
Is 187303 composite?
False
Is 22897 a prime number?
False
Is 580277 a composite number?
True
Is 13523 composite?
False
Is 36479 a prime number?
True
Is 375271 prime?
False
Is 463003 composite?
False
Is 2959 a composite number?
True
Is 274871 composite?
False
Is 97637 a prime number?
False
Is 95869 a prime number?
True
Is 67681 a composite number?
True
Is 20257 a composite number?
True
Is 232241 composite?
True
Is 78509 a prime number?
True
Is 36653 a composite number?
False
Is 22213 composite?
True
Is 96313 composite?
True
Is 19759 composite?
False
Is 71146 a composite number?
True
Is 277 a composite number?
False
Is 19451 prime?
False
Is 719917 a prime number?
False
Is 301259 prime?
False
Is 39181 a composite number?
False
Is 28318 a prime number?
False
Is 10821 prime?
False
Is 9033 a composite number?
True
Is 1225501 a composite number?
False
Is 120169 a prime number?
False
Is 180773 composite?
False
Is 33707 prime?
False
Is 9923 a composite number?
False
Is 91255 prime?
False
Is 30571 a composite number?
True
Is 102181 a prime number?
True
Is 2813 prime?
False
Is 357619 composite?
False
Is 874271 a prime number?
True
Is 16773 a composite number?
True
Is 374983 a composite number?
True
Is 25001 a composite number?
True
Is 105827 a prime number?
False
Is 27733 a composite number?
False
Is 91673 prime?
True
Is 12889 prime?
True
Is 23189 composite?
False
Is 9263 a composite number?
True
Is 99689 a composite number?
False
Is 648901 a prime number?
False
Is 4907 composite?
True
Is 1335163 composite?
True
Is 841091 a composite number?
False
Is 24929 a composite number?
True
Is 11027 a prime number?
True
Is 716249 prime?
True
Is 17671 a prime number?
False
Is 2179 a composite number?
False
Is 7613 prime?
False
Is 5474699 a composite number?
False
Is 1363 a prime number?
False
Is 4531 composite?
True
Is 72445 composite?
True
Is 11127 prime?
False
Is 12071 a composite number?
False
Is 12011 a composite number?
False
Is 11027 a prime number?
True
Is 381 composite?
True
Is 974077 a composite number?
True
Is 216797 prime?
False
Is 1361 prime?
True
Is 1657 composite?
False
Is 3459541 composite?
False
Is 50185 a prime number?
False
Is 102967 prime?
True
Is 4244177 composite?
True
Is 14983 a composite number?
False
Is 507461 composite?
False
Is 559631 a composite number?
False
Is 59833 prime?
True
Is 11409 a prime number?
False
Is 40423 a composite number?
False
Is 6547 composite?
False
Is 966109 prime?
True
Is 14057 prime?
True
Is 450971 a prime number?
True
Is 16729 composite?
False
Is 717501 a prime number?
False
Is 4213 a composite number?
True
Is 26371 a prime number?
True
Is 112321 a prime number?
False
Is 211269 a composite number?
True
Is 144751 a prime number?
True
Is 19731 composite?
True
Is 20371 a prime number?
False
Is 34219 a prime number?
False
Is 118339 a prime number?
False
Is 3791 composite?
True
Is 8849 a composite number?
False
Is 18929 a composite number?
True
Is 25733 a composite number?
False
Is 17923 a prime number?
True
Is 28115 a composite number?
True
Is 28369 prime?
False
Is 1163 composite?
False
Is 50755 a composite number?
True
Is 3343 a prime number?
True
Is 117679 prime?
True
Is 5331 a composite number?
True
Is 381253 composite?
False
Is 1681469 prime?
True
Is 22621 a composite number?
False
Is 3043 prime?
False
Is 53507 composite?
False
Is 399937 composite?
False
Is 1413329 prime?
False
Is 40483 a composite number?
False
Is 121181 prime?
True
Is 534101 a composite number?
False
Is 37171 a prime number?
True
Is 42311 composite?
True
Is 62207 a prime number?
True
Is 14815 composite?
True
Is 4643 composite?
False
Is 26279 composite?
True
Is 70769 prime?
True
Is 185221 composite?
False
Is 3371333 a prime number?
False
Is 8465 composite?
True
Is 2874553 prime?
False
Is 15511 prime?
True
Is 2738401 prime?
False
Is 32771 prime?
True
Is 523987 composite?
False
Is 470443 a composite number?
False
Is 208733 composite?
True
Is 5759 a composite number?
True
Is 7669 prime?
True
Is 12715 prime?
False
Is 110221 composite?
False
Is 10405 a composite number?
True
Is 58657 prime?
True
Is 123815 a composite number?
True
Is 1382534 composite?
True
Is 125731 composite?
False
Is 26453 a prime number?
False
Is 7379 a prime number?
False
Is 71935 composite?
True
Is 6197 prime?
True
Is 10391 composite?
False
Is 1836089 prime?
False
Is 317605 prime?
False
Is 32105 composite?
True
Is 2999 prime?
True
Is 16519 prime?
True
Is 808651 a prime number?
True
Is 5627 a prime number?
False
Is 36911 a composite number?
True
Is 370802 prime?
False
Is 452593 a prime number?
False
Is 95297 composite?
True
Is 1196645 a composite number?
True
Is 40681 a prime number?
False
Is 804305 a prime number?
False
Is 551829 a prime number?
False
Is 4861 a composite number?
False
Is 21955 composite?
True
Is 1002679 composite?
False
Is 72421 a prime number?
True
Is 474349 a prime number?
False
Is 16495 a prime number?
False
Is 1748789 composite?
True
Is 64847 a prime number?
False
Is 694189 a composite number?
False
Is 562145 prime?
False
Is 5686 a prime number?
False
Is 276329 prime?
False
Is 227407 composite?
False
Is 2345087 prime?
True
Is 1631 a composite number?
True
Is 1881751 composite?
False
Is 51877 composite?
True
Is 119029 a prime number?
False
Is 73559 composite?
True
Is 855271 prime?
True
Is 2093457 a prime number?
False
Is 7069 composite?
False
Is 102493 a prime number?
False
Is 21259 a prime number?
False
Is 61861 a prime number?
True
Is 541 composite?
False
Is 58633 composite?
True
Is 174847 composite?
True
Is 161521 a prime number?
True
Is 13991 prime?
False
Is 139609 composite?
False
Is 2045753 a prime number?
True
Is 2479 a composite number?
True
Is 121763 prime?
True
Is 7151 composite?
False
Is 61423 composite?
True
Is 17011 composite?
False
Is 820735 prime?
False
Is 29663 prime?
True
Is 1444927 composite?
True
Is 751489 a prime number?
False
Is 497293 composite?
True
Is 2999 a composite number?
False
Is 858641 composite?
True
Is 62641 a prime number?
False
Is 2077 composite?
True
Is 17558 composite?
True
Is 33861 prime?
False
Is 34313 a prime number?
True
Is 48703 prime?
False
Is 1280101 a composite number?
False
Is 133631 composite?
False
Is 12077 a prime number?
False
Is 1087 prime?
True
Is 23407 a prime number?
False
Is 29905 a prime number?
False
Is 13261 a composite number?
True
Is 568187 a prime number?
True
Is 44207 prime?
True
Is 12437 a composite number?
False
Is 974 composite?
True
Is 5541 prime?
False
Is 249 composite?
True
Is 31957 prime?
True
Is 117123 a prime number?
False
Is 428977 prime?
True
Is 302997 composite?
True
Is 175649 a prime number?
True
Is 44297 a prime number?
False
Is 466009 prime?
True
Is 22549 a composite number?
False
Is 211 a prime number?
True
Is 2471 composite?
True
Is 40101 a prime number?
False
Is 160499 a composite number?
False
Is 201623 composite?
False
Is 181801 composite?
True
Is 16871 prime?
True
Is 426841 a prime number?
True
Is 13009 prime?
True
Is 1973 prime?
True
Is 4007 a prime number?
True
Is 125809 prime?
False
Is 3859 composite?
True
Is 25049 composite?
True
Is 667 a composite number?
True
Is 24281 composite?
False
Is 31873 composite?
False
Is 36323 a prime n